(12 + -9 - -4)?
-7
Calculate (-18 - 1) + 20 + (-18 - -1).
-16
What is the value of 5 - 8 - 18 - (38 + -41)?
-18
2 + -7 - ((23 + -6 - 2) + -14)
-6
Calculate 0 - -2 - (-1 - (1 - -7 - 0)).
11
Evaluate -3 + (0 - 2) + (-674 - -674).
-5
-29 + -1 + (638 - 620)
-12
What is 9 + -9 + 58 + -33?
25
What is 9 - (-116 + 108 - (-1 + -8))?
8
What is the value of -21 - (-30 - (8 - 20))?
-3
Evaluate -1 - (7 - (21 + -3 - 1)).
9
What is the value of -5 - (3 - 9 - (0 + 8))?
9
(-4 - -25) + 25 + -27 + 7
26
What is 9 + (0 - (-9 - (-27 + 2)))?
-7
Evaluate 1 + 3 - (7 + (-4 - -10) - 0).
-9
What is (-5 - -2) + (8 + -17 - -6 - 5)?
-11
Evaluate (21 - -4) + (-17 - -12 - -10 - 0).
30
Calculate 13 - (1 + 9 + -3).
6
What is 9 - (-7 + 13) - (-1 + 11 + 0)?
-7
2 - (-2 + -1) - (-6 - -3 - 14)
22
What is (-10 - 6) + -8 + 13?
-11
What is -2 + 17 + -52 + 46 - -5?
14
7 + (-2 - 3) + 2 + 0
4
What is 36 + (-5 - 35) - (0 + -2 + 1)?
-3
Calculate 7 - (-11 + 12 - ((0 - -1) + -4)).
3
5 - -2 - (-2 - (1 - -1))
11
What is the value of -16 - -32 - 16 - -10?
10
Calculate 13 + -3 + 0 + -8 + 10.
12
51 + -39 - (24 - -4)
-16
Evaluate 7 + (3 - (5 - 0)).
5
What is -8 + 11 + (13 - (13 + 7))?
-4
Evaluate -8 + 59 + -3 + -30.
18
Evaluate -4 + 8 + -8 - (-2 + -12 + 18).
-8
Calculate 13 + (-2 - 4) + -1.
6
What is the value of -4 + (93 + -90 - (12 + -3 + 5))?
-15
Calculate -5 - 7 - (0 - (-6 - 9)).
-27
Calculate 1 + -7 + 0 - (4 - 7 - -2).
-5
9 + -4 + (-22 - -15)
-2
Calculate -11 - (-38 + 10 - -34).
-17
What is (10 - -2) + -3 + -3 - (-89 + 95)?
0
-18 - 1 - (29 + -27 + -3 + -5)
-13
(-4 - 5) + (12 - (4 - 5))
4
What is the value of 20 - (3 + -14 - (24 + -36))?
19
Evaluate -37 + (7 - (-37 + 12)).
-5
Calculate 11 - (6 + 8 + (-8 - -10 - 21)).
16
What is 13 + -4 + -15 + 6 - (0 - 3)?
3
-52 - -52 - (-1 + -9) - 2
8
-3 - -2 - 7 - (-4 - 3)
-1
What is 37 - 35 - 21 - 3?
-22
What is (-9 - (-2 - 0)) + (143 - 143)?
-7
What is (0 - 14) + (283 - 279)?
-10
What is the value of -6 - (-45 + 62 + (5 - 1) + -8)?
-19
9 - (4 + 3 - (13 + -3 - -2))
14
(11 - (1 - -10)) + -11 + 1
-10
9 + (-30 - -26) + 21
26
Evaluate (-31 - -47) + 31 + -20.
27
What is -33 + (-39 - -42) - -52?
22
Evaluate -21 - (-12 - (5 - -25)).
21
Evaluate 14 + -32 - -1 - -10.
-7
Evaluate (-20 - -3) + (-14 - (-19 - -16)).
-28
What is the value of (3 - -9 - 6 - -10) + -8?
8
What is 21 + 13 + -12 + -31?
-9
Evaluate 58 + -63 - ((12 - 3 - 3) + 4).
-15
Evaluate 0 + (5 - -8) + -63 + 33.
-17
What is -11 - (-2 + -12) - -22?
25
What is 28 - (-18 + 13 + (9 - -2 - -4))?
18
(-6 - (12 - 7)) + -3 - -4
-10
What is the value of (-3 - (-12 - -13)) + 3?
-1
What is the value of -1 + -12 - (-73 + 63)?
-3
What is (-19 - -4) + 8 - 4?
-11
What is 23 + (-40 - -27) + 7 + 17?
34
What is the value of -11 + 8 + (23 - 6) - (-12 + 10)?
16
Calculate (6 - 3) + -4 + 1 - -8.
8
Calculate 378 + -394 - (0 + 1 + 8).
-25
-9 - 6 - (-11 - 8) - -6
10
What is -4 + 1 + 7 + (-5 - 1)?
-2
What is the value of -1 + -20 - (-2 + 1 + (220 - 221))?
-19
What is 2 + -9 - ((-4 - 1) + (-26 - -11))?
13
(12 - 31 - -32) + -14
-1
Evaluate 10 - (13 - (0 - -20)).
17
What is the value of -22 + -5 + -14 + 17?
-24
What is (13 - (4 - -13) - 14) + -4?
-22
Evaluate (22 - (12 - 5)) + -16.
-1
Calculate (2 - -7 - -2) + 0 - 25.
-14
22 - (-33 - (-12 + -51))
-8
What is 12 - (12 - -8) - -11?
3
What is 3 + (1 - -7) + -4 + 2?
9
What is the value of 1 + -15 + (15 - 4 - 28 - -19)?
-12
2 - 18 - 4 - -32
12
Calculate 42 + -19 + -21 + -9.
-7
-369 + 368 - (12 - 2)
-11
What is -26 - -35 - -26 - 63?
-28
Evaluate 299 - 302 - (28 + 1).
-32
What is 34 + -47 + (5 - -1)?
-7
What is the value of 15 + (3 - 13) - (-9 - -4)?
10
What is (-22 - 1) + 75 + -85?
-33
What is the value of 14 - (8 - (10 + -8 + -13))?
-5
Calculate -11 + -43 + 16 + 53.
15
What is the value of 0 + -8 - -16 - 3 - 6?
-1
What is (20 - 4) + (-6 - (12 + -12))?
10
17 + 0 + (-5 - 12)
0
What is the value of -29 + 51 - (14 + 6)?
2
What is the value of 13 + -24 + 4 - (0 - -6)?
-13
What is the value of (2 - -4) + 12 + -23?
-5
Evaluate -2 + -6 + 5 - (-4 + -4 + 5).
0
Evaluate -1 + -12 - (-4 + 0 - 0) - -2.
-7
What is -11 + (17 - (10 + -12))?
8
What is -6 + 25 + -40 + 9?
-12
Calculate (14 - (7 + 10)) + -10 + 25.
12
What is (14 - 7) + -13 + -3 + 1?
-8
What is the value of 6 + 0 - (13 - (25 + -11))?
7
What is 9 - ((2 + 11 - 3) + -11)?
10
Evaluate -3 - ((-24 - -12) + -6).
15
What is 13 + 8 + (12 - 31)?
2
What is 8 + 5 + 3 - 11?
5
What is the value of -63 + 9 + 36 + -9?
-27
Calculate -2 + -6 + (15 - 3) + -4 + 13.
13
Evaluate -2 + (12 - 3) + -2 + -2.
3
What is the value of 10 + 1 + (9 - 6) + 3 + -10?
7
What is -4 - (38 + -42) - (-1 - 12)?
13
(36 - 42) + 18 + -2 - 8
2
Calculate (-25 - (-12 - 3)) + 18 + (1 - 8).
1
Evaluate 10 + (-14 - 0) - (-18 + -7 + 6).
15
What is the value of (-4 - -3) + 16 + (-2 - -7)?
20
-8 - (1 + -2 + -8 + 4)
-3
What is the value of -9 + (10 + -1 - (-10 - -14))?
-4
Calculate -1 - ((3 - (15 + (-10 - -2))) + 0).
3
3 - (27 + -16) - (4 - 7)
-5
What is 10 + 6 + -9 - 9?
-2
What is the value of -37 + 38 + (-3 - (0 - 4)) + 2?
4
What is (-14 - -18) + 4 + -6?
2
What is the value of 4 + -30 + (19 - (2 + 7))?
-16
Evaluate -8 - 12 - (-39 + 11).
8
Calculate 5 + -29 - (243 - 279).
12
What is the value of 27 + (3 - (6 + -9 + -2) - 5)?
30
Calculate (-25 - -13) + 6 - (-1 + 0).
-5
What is the value of (-5 - -4) + 2 + -15 - -9?
-5
What is the value of -16 + 9 + -18 + 22?
-3
(0 - (-7 - -15)) + 10 + (-2 - 12)
-12
Evaluate (-1 - 10) + (-9 + -7 + 11 - -12).
-4
-31 - -29 - (-52 - -25)
25
0 + 1 + (5 - (0 - -8))
-2
-2 - (-5 - (-1 - -2)) - (-111 + 114)
1
Calculate -4 + 8 + -17 + 10 - -8.
5
What is -23 + 4 + 9 + 20?
10
What is (32 - 5) + (-12 + 14 + -11 - -17)?
35
Calculate 5 + 0 - -1 - (483 + -491).
14
Evaluate (19 - 10) + -12 - (-42 + 39).
0
Calculate (6 - (-10 + -1)) + (-5 - 8).
4
What is the value of 13 + -3 - ((-4 - 1) + (201 - 196))?
10
1 + 13 + (-10 + 6 - -1)
11
33 + (-9 - -27) + -51
0
What is 28 + -20 - (-3 + -1 + 12)?
0
What is 12 + (-2 - 5) + 2 + 1 + 0?
8
Evaluate -12 - (-16 - (-6 + -6)).
-8
What is (-39 + 32 - (-7 + 1)) + -3?
-4
What is (5 - 16) + 0 + 15?
4
-14 + 10 + 7 + (8 - -2 - -13)
26
What is -7 + 4 + -1 + (112 - 119)?
-11
What is 202 - 200 - (1 + -1)?
2
What is the value of -24 + 8 - -7 - -28?
19
0 - (12 - (24 + -11))
1
Calculate 16 - 1 - (-12 - -26).
1
-45 - -23 - (4 - 11)
-15
Evaluate -4 - (17 - 22 - 4).
5
What is the value of (22 - -1) + 58 + -71?
10
64 + -53 + 2 + -23 + -1
-11
-17 + (26 - 1) - (17 + 2)
-11
1 + (-3 - -10) + -14 + 5 + 3
2
Calculate 7 + (2 - (-11 - -10) - 5) - 29.
-24
What is the value of (-3 + 13 + 6 + -8 - -11) + -3?
16
What is 3 + (3 - 19 - 4)?
-17
Evaluate -1 - (-1 - 2) - -3 - (59 + -62).
8
Evaluate -24 - ((-33 - 26) + 25).
10
3 + -14 - (-1 + 4 - -5)
-19
Evaluate (18 - (-5 + 9)) + -2.
12
13 + -9 + 3 - 14
-7
-4 - 4 - -7 - (-1 + -7)
7
Calculate 4 - 2 - 1 - (-11 + 22 + -11).
1
What is -8 + (-66 + 65 - (2 + -1 + -2))?
-8
What is the value of 4 + -2 + -13 - (-3 + 7 - 11)?
-4
What is (115 - 110) + (-3 - (1 - 3))?
4
What is the value of 1 + 12 + 3 + -19?
-3
-33 - (-78 - -1) - 27
17
Calculate -58 + 62 + -23 + 35.
16
Calculate -2 - 1 - (0 - (2 - (3 - -1))).
-5
-4 - (25 + (7 - 54))
18
Calculate -4 + 10 + 5 + (-4 - -2 - 7).
2
What is -13 - (-9 + (4 - -1) + -19 + 18)?
-8
What is the value of 8 + -3 + 0 + (2 - (-7 + 12))?
2
Evaluate 125 + -109 + (-1 - (13 + -1)).
3
Calculate (7 + -24 - -12) + (4 + 2 - -1).
2
Calculate -16 - (-24 + 0 + (279 - 279)).
8
(-17 - (-10 + 7)) + 10
-4
Evaluate 8 - -1 - 6 - -13 - 5.
11
What is 13 - 33 - (-67 - -42)?
5
-15 + (0 - 3 - (-31 - -27))
-14
Evaluate 14 + (10 + -17 - -3).
10
(-33 - (5 - 16)) + 11
-11
Calculate 2 - (3 - (-7 + -6 + 13)).
-1
Evaluate -3 + 11 - ((6 - -2) + 7).
-7
What is the value of 1 + -24 + 8 + (-33 - -36)?
-12
What is (-9 - -11 - -13) + -37?
-22
What is 4 + (-1 - (-30 - -18 - (-3 + -1)))?
11
What is (5 - (15 - 6)) + (0 - (7 + 21))?
-32
16 + (-5 + (9 - 6) - 0)
14
What is 9 + (-26 - -1) - (-24 + 3)?
5
Evaluate -309 + 304 - (-2 + 10).
-13
What is the value of -4 - -2 - (2 + -1 + 63 + -53)?
-13
What is (-6 - (-6 - -6)) + -4 + (1 - 6)?
-15
-8 - (-9 + 21 - 10)
-10
2 + -1 - ((-5 - (-2 - -2)) + 9)
-3
Calculate (-5 - 1) + (-80 - (-69 - -3)).
-20
Evaluate 3 + (-15 - (-14 - -9)).
-7
What is 0 - 8 - (-719 - -728)?
-17
What is the value of -17 - 3 - (39 + -50